{"id":1400,"date":"2017-01-03T11:25:19","date_gmt":"2017-01-03T10:25:19","guid":{"rendered":"http:\/\/www.sfpt.fr\/hyperspectral\/?page_id=1400"},"modified":"2017-04-03T15:21:17","modified_gmt":"2017-04-03T14:21:17","slug":"annonce-du-colloque-2","status":"publish","type":"page","link":"http:\/\/www.sfpt.fr\/hyperspectral\/?page_id=1400","title":{"rendered":"Annonce du colloque"},"content":{"rendered":"<p style=\"text-align: center;\"><span style=\"text-decoration: underline;\"><strong>Pr\u00e9sentation<\/strong><\/span><\/p>\n<p style=\"text-align: justify;\">Le Groupe Hyperspectral de la Soci\u00e9t\u00e9 Fran\u00e7aise de Photogramm\u00e9trie et de T\u00e9l\u00e9d\u00e9tection (SFPT-GH) a pour but de f\u00e9d\u00e9rer la communaut\u00e9 hyperspectrale fran\u00e7aise, d\u2019assurer sa visibilit\u00e9 sur le plan international et de faciliter les \u00e9changes scientifiques. Les pr\u00e9c\u00e9dentes \u00e9ditions organis\u00e9es par le groupe ont r\u00e9uni plus de 80 participants.<\/p>\n<p style=\"text-align: justify;\">Nous vous accueillons les 9, 10 et 11 mai 2017 \u00e0 l&#8217;IFREMER Brest pour notre 5\u00e8me \u00e9dition portant sur des th\u00e8mes aussi vari\u00e9s que les g\u00e9osciences, la v\u00e9g\u00e9tation, les milieux littoraux et urbains, l\u2019atmosph\u00e8re, la plan\u00e9tologie, l\u2019instrumentation, les m\u00e9thodes de traitement, etc.<\/p>\n<p style=\"text-align: justify;\">Ce colloque nous donnera l\u2019opportunit\u00e9 d&#8217;\u00e9changer sur les avanc\u00e9es les plus r\u00e9centes dans le domaine des capteurs, des m\u00e9thodes et des algorithmes d&#8217;exploitation des donn\u00e9es hyperspectrales. Vous \u00eates invit\u00e9s \u00e0 pr\u00e9senter vos travaux sous forme de pr\u00e9sentation orale (format 20 minutes incluant les questions) ou de poster. Un espace sera d\u00e9di\u00e9 aux professionnels souhaitant exposer leurs produits et solutions.<\/p>\n<p style=\"text-align: justify;\">Vous pouvez t\u00e9l\u00e9charger le flyer du colloque <a href=\"http:\/\/www.sfpt.fr\/hyperspectral\/wp-content\/uploads\/2017\/01\/SFPTGH_2017_Flyer_VF.pdf\" target=\"_blank\">ici<\/a>.<\/p>\n<p style=\"text-align: justify;\"><strong>Il n&#8217;y a pas de frais d&#8217;inscription pour ce colloque.<\/strong><\/p>\n<p style=\"text-align: center;\"><span style=\"text-decoration: underline;\"><strong>Dates importantes<\/strong><\/span><\/p>\n<p style=\"text-align: justify;\"><strong>Date limite d\u2019envoi des r\u00e9sum\u00e9s<\/strong> : 28\/02\/2017<\/p>\n<p style=\"text-align: justify;\"><span style=\"text-decoration: underline;\">(pour les r\u00e9sum\u00e9s, pr\u00e9voir une page maximum avec une illustration)<\/span><\/p>\n<p style=\"text-align: justify;\"><strong>Avis d\u2019acceptation des r\u00e9sum\u00e9s<\/strong> : 15\/03\/2017<\/p>\n<p style=\"text-align: justify;\"><strong>Date limite d\u2019inscription<\/strong> : 25\/04\/2017<\/p>\n<p style=\"text-align: justify;\">Les r\u00e9sum\u00e9s sont \u00e0 envoyer par mail \u00e0 <a href=\"mailto:touria.bajjouk@ifremer.fr\" target=\"_blank\">touria.bajjouk@ifremer.fr<\/a>.<\/p>\n<p style=\"text-align: center;\"><span style=\"text-decoration: underline;\"><strong>Informations utiles<\/strong><\/span><\/p>\n<p style=\"text-align: justify;\">Vous trouverez les informations utiles pour pr\u00e9parer votre venue <a href=\"http:\/\/www.sfpt.fr\/hyperspectral\/wp-content\/uploads\/2017\/04\/SFPT-GH_2017_Infos-utiles.pdf\" target=\"_blank\">ici<\/a>.<\/p>\n<p style=\"text-align: center;\"><span style=\"text-decoration: underline;\"><strong>Comit\u00e9 d&#8217;organisation<\/strong><\/span><\/p>\n<p style=\"text-align: justify;\">Les responsables de l&#8217;organisation de ce colloque sont : Touria Bajjouk (IFREMER), Christophe Delacourt (Universit\u00e9 de Bretagne Occidentale), Nicolas Le Dantec (CEREMA \/ Universit\u00e9 de Bretagne Occidentale) et Jacqueline Quentel (IFREMER).<\/p>\n<p style=\"text-align: center;\"><span style=\"text-decoration: underline;\"><strong>Comit\u00e9 scientifique<\/strong><\/span><\/p>\n<p style=\"text-align: justify;\">Les membres du comit\u00e9 scientifique sont : Touria Bajjouk (IFREMER), Xavier Briottet (ONERA), V\u00e9ronique Carr\u00e8re (LPG), Nicolas Le Dantec (CEREMA \/ Universit\u00e9 de Bretagne Occidentale), Christophe Delacourt (Universit\u00e9 de Bretagne Occidentale), St\u00e9phane Jacquemoud (IPGP) et Rodolphe Marion (CEA).<\/p>\n<p style=\"text-align: center;\"><strong><span style=\"text-decoration: underline;\">Contact<\/span><\/strong><\/p>\n<p style=\"text-align: justify;\">Pour toute question concernant le colloque, veuillez contacter directement Touria Bajjouk (<a href=\"mailto:touria.bajjouk@ifremer.fr\" target=\"_blank\">touria.bajjouk@ifremer.fr<\/a> \/ 02 98 22 41 56).<\/p>\n","protected":false},"excerpt":{"rendered":"<p>Pr\u00e9sentation Le Groupe Hyperspectral de la Soci\u00e9t\u00e9 Fran\u00e7aise de Photogramm\u00e9trie et de T\u00e9l\u00e9d\u00e9tection (SFPT-GH) a pour but de f\u00e9d\u00e9rer la communaut\u00e9 hyperspectrale fran\u00e7aise, d\u2019assurer sa visibilit\u00e9 sur le plan international et de faciliter les \u00e9changes scientifiques. Les pr\u00e9c\u00e9dentes \u00e9ditions organis\u00e9es par le groupe ont r\u00e9uni plus de 80 participants. Nous vous accueillons les 9, 10 &hellip; <\/p>\n<p class=\"link-more\"><a href=\"http:\/\/www.sfpt.fr\/hyperspectral\/?page_id=1400\" class=\"more-link\">Continuer la lecture<span class=\"screen-reader-text\"> de &laquo;&nbsp;Annonce du colloque&nbsp;&raquo;<\/span><\/a><\/p>\n","protected":false},"author":1,"featured_media":0,"parent":0,"menu_order":0,"comment_status":"closed","ping_status":"open","template":"","meta":{"_s2mail":"yes","footnotes":""},"class_list":["post-1400","page","type-page","status-publish","hentry"],"_links":{"self":[{"href":"http:\/\/www.sfpt.fr\/hyperspectral\/index.php?rest_route=\/wp\/v2\/pages\/1400","targetHints":{"allow":["GET"]}}],"collection":[{"href":"http:\/\/www.sfpt.fr\/hyperspectral\/index.php?rest_route=\/wp\/v2\/pages"}],"about":[{"href":"http:\/\/www.sfpt.fr\/hyperspectral\/index.php?rest_route=\/wp\/v2\/types\/page"}],"author":[{"embeddable":true,"href":"http:\/\/www.sfpt.fr\/hyperspectral\/index.php?rest_route=\/wp\/v2\/users\/1"}],"replies":[{"embeddable":true,"href":"http:\/\/www.sfpt.fr\/hyperspectral\/index.php?rest_route=%2Fwp%2Fv2%2Fcomments&post=1400"}],"version-history":[{"count":8,"href":"http:\/\/www.sfpt.fr\/hyperspectral\/index.php?rest_route=\/wp\/v2\/pages\/1400\/revisions"}],"predecessor-version":[{"id":1403,"href":"http:\/\/www.sfpt.fr\/hyperspectral\/index.php?rest_route=\/wp\/v2\/pages\/1400\/revisions\/1403"}],"wp:attachment":[{"href":"http:\/\/www.sfpt.fr\/hyperspectral\/index.php?rest_route=%2Fwp%2Fv2%2Fmedia&parent=1400"}],"curies":[{"name":"wp","href":"https:\/\/api.w.org\/{rel}","templated":true}]}}