{"id":180,"date":"2013-01-18T16:20:13","date_gmt":"2013-01-18T15:20:13","guid":{"rendered":"http:\/\/www.sfpt.fr\/hyperspectral\/?page_id=180"},"modified":"2013-03-18T15:41:33","modified_gmt":"2013-03-18T14:41:33","slug":"planetologie","status":"publish","type":"page","link":"https:\/\/www.sfpt.fr\/hyperspectral\/?page_id=180","title":{"rendered":"Plan\u00e9tologie"},"content":{"rendered":"<p style=\"text-align: justify;\">En construction&#8230;<\/p>\n<p style=\"text-align: justify;\">Afin de patienter, quelques \u00e9l\u00e9ments sur l&#8217;utilisation de l&#8217;imagerie hyperspectrale pour l&#8217;\u00e9tude de Mars et de Titan sont disponibles <a href=\"http:\/\/www.sfpt.fr\/hyperspectral\/wp-content\/uploads\/2013\/03\/2008_photointerpretation.pdf\" target=\"_blank\">ici<\/a>.<\/p>\n","protected":false},"excerpt":{"rendered":"<p>En construction&#8230; Afin de patienter, quelques \u00e9l\u00e9ments sur l&#8217;utilisation de l&#8217;imagerie hyperspectrale pour l&#8217;\u00e9tude de Mars et de Titan sont disponibles ici.<\/p>\n","protected":false},"author":1,"featured_media":0,"parent":0,"menu_order":0,"comment_status":"closed","ping_status":"open","template":"","meta":{"_s2mail":"yes","footnotes":""},"class_list":["post-180","page","type-page","status-publish","hentry"],"_links":{"self":[{"href":"https:\/\/www.sfpt.fr\/hyperspectral\/index.php?rest_route=\/wp\/v2\/pages\/180","targetHints":{"allow":["GET"]}}],"collection":[{"href":"https:\/\/www.sfpt.fr\/hyperspectral\/index.php?rest_route=\/wp\/v2\/pages"}],"about":[{"href":"https:\/\/www.sfpt.fr\/hyperspectral\/index.php?rest_route=\/wp\/v2\/types\/page"}],"author":[{"embeddable":true,"href":"https:\/\/www.sfpt.fr\/hyperspectral\/index.php?rest_route=\/wp\/v2\/users\/1"}],"replies":[{"embeddable":true,"href":"https:\/\/www.sfpt.fr\/hyperspectral\/index.php?rest_route=%2Fwp%2Fv2%2Fcomments&post=180"}],"version-history":[{"count":8,"href":"https:\/\/www.sfpt.fr\/hyperspectral\/index.php?rest_route=\/wp\/v2\/pages\/180\/revisions"}],"predecessor-version":[{"id":556,"href":"https:\/\/www.sfpt.fr\/hyperspectral\/index.php?rest_route=\/wp\/v2\/pages\/180\/revisions\/556"}],"wp:attachment":[{"href":"https:\/\/www.sfpt.fr\/hyperspectral\/index.php?rest_route=%2Fwp%2Fv2%2Fmedia&parent=180"}],"curies":[{"name":"wp","href":"https:\/\/api.w.org\/{rel}","templated":true}]}}