{"id":860,"date":"2014-06-03T13:25:57","date_gmt":"2014-06-03T12:25:57","guid":{"rendered":"http:\/\/www.sfpt.fr\/hyperspectral\/?page_id=860"},"modified":"2018-01-12T19:07:20","modified_gmt":"2018-01-12T18:07:20","slug":"programme-et-presentations","status":"publish","type":"page","link":"https:\/\/www.sfpt.fr\/hyperspectral\/?page_id=860","title":{"rendered":"Programme, pr\u00e9sentations et posters"},"content":{"rendered":"<p style=\"text-align: justify;\">Vous trouverez ci-dessous le programme ainsi que les pr\u00e9sentations orales et les posters pr\u00e9sent\u00e9s lors du colloque. Vous pouvez \u00e9galement t\u00e9l\u00e9charger le compte-rendu du colloque ici :<\/p>\n<p style=\"text-align: justify;\"><a href=\"http:\/\/www.sfpt.fr\/hyperspectral\/wp-content\/uploads\/2014\/06\/bilan_colloque_hyperspectral_2014.pdf\" target=\"_blank\" rel=\"noopener\">bilan_colloque_hyperspectral_2014.pdf<\/a><\/p>\n<p style=\"text-align: center;\"><strong><span style=\"text-decoration: underline;\">MERCREDI 14 MAI 2014<\/span><\/strong><\/p>\n<p style=\"text-align: justify;\"><strong><span style=\"color: #ff0000;\">18h30-20h00 : Accueil des participants et enregistrement<\/span><\/strong><br \/>\n<strong><span style=\"color: #ff0000;\">20h00 : D\u00eener<\/span><\/strong><\/p>\n<p style=\"text-align: center;\"><strong><span style=\"text-decoration: underline;\">JEUDI 15 MAI 2014<\/span><\/strong><\/p>\n<p><strong>8h30-8h35<\/strong> : Minghelli-Roman, <strong>Ouverture du colloque <a href=\"http:\/\/www.sfpt.fr\/hyperspectral\/wp-content\/uploads\/2014\/06\/Ouverture.pdf\" target=\"_blank\" rel=\"noopener\">PDF<\/a><\/strong><br \/>\n<strong>8h35-8h50<\/strong> : Marion, <strong>Pr\u00e9sentation du groupe hyperspectral de la SFPT <a href=\"http:\/\/www.sfpt.fr\/hyperspectral\/wp-content\/uploads\/2014\/06\/Groupe-Hyperspectral-de-la-SFPT.pdf\" target=\"_blank\" rel=\"noopener\">PDF<\/a><\/strong><\/p>\n<p style=\"text-align: center;\"><strong>SESSION 1 : MILIEUX LITTORAUX<\/strong><\/p>\n<p style=\"text-align: justify;\"><strong>8h50-9h10<\/strong> : Le Bris et al., <strong>Comparaison des r\u00e9solutions multispectrale et hyperspectrale pour la <\/strong><strong>cartographie des r\u00e9cifs d&#8217;hu\u00eetres sauvages<\/strong> <a href=\"http:\/\/www.sfpt.fr\/hyperspectral\/wp-content\/uploads\/2014\/06\/Antony-Le-Bris-oral.pdf\" target=\"_blank\" rel=\"noopener\"><strong>PDF<\/strong><\/a><br \/>\n<strong>9h10-9h30<\/strong> : Lei et al., <strong>Simulation d\u2019images multi\/hyper-spectrales en zone c\u00f4ti\u00e8re pour suivi des <\/strong><strong>ph\u00e9nom\u00e8nes dynamiques<\/strong> <a href=\"http:\/\/www.sfpt.fr\/hyperspectral\/wp-content\/uploads\/2014\/06\/Manchun-Lei-oral.pdf\" target=\"_blank\" rel=\"noopener\"><strong>PDF<\/strong><\/a><br \/>\n<strong>9h30-9h50<\/strong> : Dupouy et al., <strong>R\u00e9flectances hyperspectrales dans le lagon de Nouvelle-Cal\u00e9donie<\/strong> <a href=\"http:\/\/www.sfpt.fr\/hyperspectral\/wp-content\/uploads\/2014\/06\/C\u00e9cile-Dupouy-oral.pdf\" target=\"_blank\" rel=\"noopener\"><strong>PDF<\/strong><\/a><br \/>\n<strong>9h50-10h10<\/strong> : Lennon et al., <strong>De l\u2019hyperspectral aux paysages sous-marins : SWIM\u00ae et apports du <\/strong><strong>programme REFCAR dans l\u2019Oc\u00e9an Indien<\/strong> <a href=\"http:\/\/www.sfpt.fr\/hyperspectral\/wp-content\/uploads\/2014\/06\/Marc-Lennon-oral.pdf\" target=\"_blank\" rel=\"noopener\"><strong>PDF<\/strong><\/a><br \/>\n<strong>10h10-10h30<\/strong> : Gernez et al., <strong>T\u00e9l\u00e9d\u00e9tection hyperspectrale des eaux turbides<\/strong> <a href=\"http:\/\/www.sfpt.fr\/hyperspectral\/wp-content\/uploads\/2014\/06\/Pierre-Gernez-oral.pdf\" target=\"_blank\" rel=\"noopener\"><strong>PDF<\/strong><\/a><\/p>\n<p><strong><span style=\"color: #ff0000;\">10h30-11h00 : Pause caf\u00e9<\/span><\/strong><\/p>\n<p style=\"text-align: center;\"><strong>SESSION 2 : PLANETOLOGIE \/ ASTROPHYSIQUE<\/strong><\/p>\n<p style=\"text-align: justify;\"><strong>11h00-11h20<\/strong> : Andrieu et al., <strong>Caract\u00e9risation de la glace de CO2 sur Mars par t\u00e9l\u00e9d\u00e9tection hyperspectrale<\/strong> <a href=\"http:\/\/www.sfpt.fr\/hyperspectral\/wp-content\/uploads\/2014\/06\/Fran\u00e7ois-Andrieu-oral.pdf\" target=\"_blank\" rel=\"noopener\"><strong>PDF<\/strong><\/a><br \/>\n<strong>11h20-11h40<\/strong> : Philippe et al., <strong>Traitement des donn\u00e9es hyperspectrales Cassini\/VIMS : application \u00e0 Titan, la principale lune de Saturne<\/strong> <a href=\"http:\/\/www.sfpt.fr\/hyperspectral\/wp-content\/uploads\/2014\/06\/Sylvain-Philippe-oral.pdf\" target=\"_blank\" rel=\"noopener\"><strong>PDF<\/strong><\/a><br \/>\n<strong>11h40-12h00<\/strong> : Dout\u00e9 &amp; Ceamanos, <strong>Mars-Reco III: Multi-angle approach for coherent retrieval of surface reflectance and atmosphere optical depth from CRISM observations<\/strong> <a href=\"http:\/\/www.sfpt.fr\/hyperspectral\/wp-content\/uploads\/2014\/06\/Sylvain-Dout\u00e9-oral.pdf\" target=\"_blank\" rel=\"noopener\"><strong>PDF<\/strong><\/a><br \/>\n<strong>12h00-12h20<\/strong> : Mary et al., <strong>D\u00e9tection de sources astrophysiques dans les donn\u00e9es du spectrographe int\u00e9gral de champ MUSE<\/strong> <a href=\"http:\/\/www.sfpt.fr\/hyperspectral\/wp-content\/uploads\/2014\/07\/David-Mary-oral.pdf\" target=\"_blank\" rel=\"noopener\"><strong>PDF<\/strong><\/a><\/p>\n<p><strong><span style=\"color: #ff0000;\">12h30-14h00 : Pause d\u00e9jeuner &#8211; buffet<\/span><\/strong><\/p>\n<p style=\"text-align: center;\"><strong>SESSION 3 : CAPTEURS<\/strong><\/p>\n<p style=\"text-align: justify;\"><strong>14h00-14h20<\/strong> : Th\u00e9odore et al., <strong>Les produits hyperspectraux EUMETSAT<\/strong> <a href=\"http:\/\/www.sfpt.fr\/hyperspectral\/wp-content\/uploads\/2014\/06\/Bertrand-Th\u00e9odore-oral.pdf\" target=\"_blank\" rel=\"noopener\"><strong>PDF<\/strong><\/a><br \/>\n<strong>14h20-14h40<\/strong> : Lef\u00e8vre-Fonollosa et al., <strong>HYPXIM \u2013 An advanced hyperspectral satellite for environment, security and defence<\/strong> <a href=\"http:\/\/www.sfpt.fr\/hyperspectral\/wp-content\/uploads\/2014\/06\/Marie-Jos\u00e9-Lefevre-oral.pdf\" target=\"_blank\" rel=\"noopener\"><strong>PDF<\/strong><\/a><br \/>\n<strong>14h40-15h00<\/strong> : Rousset-Rouvi\u00e8re et al., <strong>Le syst\u00e8me SYSIPHE<\/strong> <a href=\"http:\/\/www.sfpt.fr\/hyperspectral\/wp-content\/uploads\/2014\/06\/Laurent-Rousset-Rouvi\u00e8re-oral.pdf\" target=\"_blank\" rel=\"noopener\"><strong>PDF<\/strong><\/a><\/p>\n<p style=\"text-align: center;\"><strong>SESSION 4 : MILIEUX URBAINS<\/strong><\/p>\n<p style=\"text-align: justify;\"><strong>15h00-15h20<\/strong> : Le Bris et al., <strong>Optimisation de configuration spectrale pour la classification de donn\u00e9es <\/strong><strong>hyperspectrales &#8211; Exemple d&#8217;application aux milieux urbains<\/strong> <a href=\"http:\/\/www.sfpt.fr\/hyperspectral\/wp-content\/uploads\/2014\/06\/Arnaud-Le-Bris.pdf\" target=\"_blank\" rel=\"noopener\"><strong>PDF<\/strong><\/a><br \/>\n<strong>15h20-15h40<\/strong> : Weber et al., <strong>Apport de l\u2019imagerie hyperspectrale pour l\u2019\u00e9tude de l\u2019\u00e9cosyst\u00e8me urbain : <\/strong><strong>quelles r\u00e9solutions pertinentes pour une analyse plus fine des objets et des formes urbains ?<\/strong> <a href=\"http:\/\/www.sfpt.fr\/hyperspectral\/wp-content\/uploads\/2014\/06\/Christiane-Weber-et-S\u00e9bastien-Gadal-oral.pdf\" target=\"_blank\" rel=\"noopener\"><strong>PDF<\/strong><\/a><br \/>\n<strong>15h40-16h00<\/strong> : Masson &amp; Blanpain, <strong>Segmentation de donn\u00e9es hyperspectrales et Lidar sous e-Cognition<\/strong> <a href=\"http:\/\/www.sfpt.fr\/hyperspectral\/wp-content\/uploads\/2014\/06\/Eric-Masson-et-Olivier-Blanpain-oral.pdf\" target=\"_blank\" rel=\"noopener\"><strong>PDF<\/strong><\/a><\/p>\n<p><strong><span style=\"color: #ff0000;\">16h00-16h30 : Pause caf\u00e9<\/span><\/strong><\/p>\n<p style=\"text-align: center;\"><strong>SESSION 5 : ATMOSPHERE<\/strong><\/p>\n<p style=\"text-align: justify;\"><strong>16h30-16h50<\/strong> : Croiz\u00e9-Guinet et al., <strong>HALESIS: High Altitudes Luminous Events Studied by Infrared Spectro-imagery<\/strong> <a href=\"http:\/\/www.sfpt.fr\/hyperspectral\/wp-content\/uploads\/2014\/06\/S\u00e9bastien-Payan-oral.pdf\" target=\"_blank\" rel=\"noopener\"><strong>PDF<\/strong><\/a><br \/>\n<strong>16h50-17h10<\/strong> : Bodin &amp; Marion, <strong>Potentiel de l\u2019instrument HYPXIM pour la d\u00e9tection de panaches de CO2 \u00e9mis par les industries &#8211; Etude pr\u00e9liminaire<\/strong> <a href=\"http:\/\/www.sfpt.fr\/hyperspectral\/wp-content\/uploads\/2014\/06\/Charles-Bodin-oral.pdf\" target=\"_blank\" rel=\"noopener\"><strong>PDF<\/strong><\/a><br \/>\n<strong>17h10-17h30<\/strong> : Prunet, <strong>Imagerie hyper-spectrale infrarouge pour le sondage des gaz dans l&#8217;atmosph\u00e8re (depuis l\u2019espace)<\/strong> <a href=\"http:\/\/www.sfpt.fr\/hyperspectral\/wp-content\/uploads\/2014\/06\/Pascal-Prunet-oral.pdf\" target=\"_blank\" rel=\"noopener\"><strong>PDF<\/strong><\/a><\/p>\n<p style=\"text-align: center;\"><strong>SESSION POSTERS et cocktail de bienvenue<\/strong><\/p>\n<p style=\"text-align: left;\"><strong>17h30-19h30<\/strong> :<\/p>\n<ul>\n<li style=\"text-align: justify;\">Bacour et al., <strong>ADAM: A surface reflectance database for ESA\u2019s Earth observation missions<\/strong> <a href=\"http:\/\/www.sfpt.fr\/hyperspectral\/wp-content\/uploads\/2014\/06\/C\u00e9dric-Bacour-poster.pdf\" target=\"_blank\" rel=\"noopener\"><strong>PDF<\/strong><\/a><\/li>\n<li style=\"text-align: justify;\">Dalla Mura, <strong>Fusing multispectral and hyperspectral images through pansharpening<\/strong> <a href=\"http:\/\/www.sfpt.fr\/hyperspectral\/wp-content\/uploads\/2014\/06\/Maura-Dalla-Mura-poster.pdf\" target=\"_blank\" rel=\"noopener\"><strong>PDF<\/strong><\/a><\/li>\n<li style=\"text-align: justify;\">Daumard et al., <strong>GFLEX: monitoring the diurnal time course of vegetation dynamics with geostationary observations<\/strong> <a href=\"http:\/\/www.sfpt.fr\/hyperspectral\/wp-content\/uploads\/2014\/06\/Camill-Rouhl-poster.pdf\" target=\"_blank\" rel=\"noopener\"><strong>PDF<\/strong><\/a><\/li>\n<li style=\"text-align: justify;\">Ferte et al., <strong>Online oil detection and thickness measurements on steel coils <\/strong><a href=\"http:\/\/www.sfpt.fr\/hyperspectral\/wp-content\/uploads\/2014\/07\/Morgan-Ferte-poster.pdf\" target=\"_blank\" rel=\"noopener\"><strong>PDF<\/strong><\/a><\/li>\n<li style=\"text-align: justify;\">Gay, <strong>SPIM\/AeroSPIM \u2013 D\u00e9tection \u00e0 distance de nuages de gaz<\/strong><\/li>\n<li style=\"text-align: justify;\">Gomez et al., <strong>Analyse des incertitudes associ\u00e9es aux pr\u00e9dictions de la teneur en argile obtenues par imagerie hyperspectrale Vis-NIR a\u00e9roport\u00e9e (0.4-2.5\u00b5m)<\/strong> <a href=\"http:\/\/www.sfpt.fr\/hyperspectral\/wp-content\/uploads\/2014\/06\/C\u00e9cile-Gomez-poster.pdf\" target=\"_blank\" rel=\"noopener\"><strong>PDF<\/strong><\/a><\/li>\n<li style=\"text-align: justify;\">Imbirida et al., <strong>Detection of nonlinear mixtures using Gaussian processes: Application to hyperspectral imaging<\/strong> <a href=\"http:\/\/www.sfpt.fr\/hyperspectral\/wp-content\/uploads\/2014\/06\/C\u00e9dric-Richard-poster.pdf\" target=\"_blank\" rel=\"noopener\"><strong>PDF<\/strong><\/a><\/li>\n<li style=\"text-align: justify;\">Jay &amp; Guillaume, <strong>M\u00e9thodes statistiques pour la cartographie de zones c\u00f4ti\u00e8res \u00e0 partir d\u2019images hyperspectrales de t\u00e9l\u00e9d\u00e9tection<\/strong> <a href=\"http:\/\/www.sfpt.fr\/hyperspectral\/wp-content\/uploads\/2014\/06\/Sylain-jay-poster.pdf\" target=\"_blank\" rel=\"noopener\"><strong>PDF<\/strong><\/a><\/li>\n<li style=\"text-align: justify;\">Jean et al., <strong>Propri\u00e9t\u00e9s spectrales d\u2019un couvert de bl\u00e9 et pr\u00e9diction de l&#8217;azote foliaire<\/strong> <a href=\"http:\/\/www.sfpt.fr\/hyperspectral\/wp-content\/uploads\/2014\/06\/Pierre-Antoine-Jean-poster.pdf\" target=\"_blank\" rel=\"noopener\"><strong>PDF<\/strong><\/a><\/li>\n<li style=\"text-align: justify;\">Maksimenka et al., <strong>Filtres acousto-optiques \u00e0 haute r\u00e9solution spectrale pour l\u2019imagerie hyperspectrale<\/strong> <a href=\"http:\/\/www.sfpt.fr\/hyperspectral\/wp-content\/uploads\/2014\/06\/Raman-Maksimenka-poster.pdf\" target=\"_blank\" rel=\"noopener\"><strong>PDF<\/strong><\/a><\/li>\n<li style=\"text-align: justify;\">Masaitis et al., <strong>Visible and near-infrared hyperspectral imaging to describe some properties of conventionally and ecologically grown vegetables<\/strong> <a href=\"http:\/\/www.sfpt.fr\/hyperspectral\/wp-content\/uploads\/2014\/06\/S\u00e9bastien-Gadal-poster.pdf\" target=\"_blank\" rel=\"noopener\"><strong>PDF<\/strong><\/a><\/li>\n<li style=\"text-align: justify;\">Rodriguez et al., <strong>D\u00e9tection de gaz \u00e0 distance sur un site industriel par imagerie hyperspectrale<\/strong> <a href=\"http:\/\/www.sfpt.fr\/hyperspectral\/wp-content\/uploads\/2014\/06\/Delphy-Rodriguez-poster.pdf\" target=\"_blank\" rel=\"noopener\"><strong>PDF<\/strong><\/a><\/li>\n<li style=\"text-align: justify;\">Soltani et al., <strong>Classification automatique par propagation d\u2019affinit\u00e9 de plantes invasives \u00e0 partir d\u2019images hyperspectrales de grande taille<\/strong><\/li>\n<li style=\"text-align: justify;\">Sylla et al., <strong>Hyperspectral and multispectral images fusion using matrix factorization and multiscale and multiresolution approach<\/strong> <a href=\"http:\/\/www.sfpt.fr\/hyperspectral\/wp-content\/uploads\/2014\/06\/Diogone-Sylla-poster.pdf\" target=\"_blank\" rel=\"noopener\"><strong>PDF<\/strong><\/a><\/li>\n<\/ul>\n<p style=\"text-align: center;\"><strong>STANDS<\/strong><\/p>\n<ul>\n<li style=\"text-align: justify;\"><a href=\"http:\/\/www.bonsaiadvanced.com\" target=\"_blank\" rel=\"noopener\">Bonsa\u00ef Advanced Technologies<\/a><\/li>\n<li style=\"text-align: justify;\"><a href=\"http:\/\/www.exelisvis.com\/\" target=\"_blank\" rel=\"noopener\">Exelis Visual Information Solutions<\/a><\/li>\n<li style=\"text-align: justify;\"><a href=\"http:\/\/www.lot-oriel.com\/fr\/fr\" target=\"_blank\" rel=\"noopener\">LOT-QuantumDesign France<\/a><\/li>\n<li style=\"text-align: justify;\"><a href=\"http:\/\/www.sfpt.fr\/\" target=\"_blank\" rel=\"noopener\">Soci\u00e9t\u00e9 Fran\u00e7aise de Photogramm\u00e9trie et T\u00e9l\u00e9d\u00e9tection<\/a><\/li>\n<\/ul>\n<p style=\"text-align: justify;\"><strong><span style=\"color: #ff0000;\">20h00 : D\u00eener<\/span><\/strong><\/p>\n<p style=\"text-align: center;\"><span style=\"text-decoration: underline;\"><strong>VENDREDI 16 MAI 2014<\/strong><\/span><\/p>\n<p style=\"text-align: center;\"><strong>SESSION 6 : METHODOLOGIE (CLASSIFICATION \/ DEMELANGE \/ FUSION)<\/strong><\/p>\n<p style=\"text-align: justify;\"><strong>8h30-8h50<\/strong> : Zullo et al., <strong>Classification d\u2019images hyperspectrales par des m\u00e9thodes fonctionnelles <\/strong><strong>non-param\u00e9triques<\/strong> <a href=\"http:\/\/www.sfpt.fr\/hyperspectral\/wp-content\/uploads\/2014\/06\/Antony-Zullo-oral.pdf\" target=\"_blank\" rel=\"noopener\"><strong>PDF<\/strong><\/a><br \/>\n<strong>8h50-9h10<\/strong> : Gorretta et al., <strong>Classification spectrale-spatiale d\u2019images hyperspectrales par<\/strong> <strong>r\u00e9gularisation anisotropique<\/strong> <a href=\"http:\/\/www.sfpt.fr\/hyperspectral\/wp-content\/uploads\/2014\/06\/Nathalie-Gorretta-oral.pdf\" target=\"_blank\" rel=\"noopener\"><strong>PDF<\/strong><\/a><br \/>\n<strong>9h10-9h30<\/strong> : Chen et al., <strong>Non-linear unmixing of hyperspectral images: myth or reality? <a href=\"http:\/\/www.sfpt.fr\/hyperspectral\/wp-content\/uploads\/2014\/06\/Jean-Yves-Tourneret-oral.pdf\" target=\"_blank\" rel=\"noopener\">PDF<\/a><\/strong><br \/>\n<strong>9h30-9h50<\/strong> : Dalla Mura, <strong>Hyperspectral image classification using sparse representations of<\/strong> <strong>morphological attribute profiles<\/strong> <a href=\"http:\/\/www.sfpt.fr\/hyperspectral\/wp-content\/uploads\/2014\/06\/Mauro-Dalla-Mura-oral.pdf\" target=\"_blank\" rel=\"noopener\"><strong>PDF<\/strong><\/a><br \/>\n<strong>9h50-10h10<\/strong> : Marion et al., <strong>Fusion d&#8217;images hyperspectrales et panchromatiques : comparaison des approches par ondelettes et par d\u00e9-m\u00e9lange spectral<\/strong> <a href=\"http:\/\/www.sfpt.fr\/hyperspectral\/wp-content\/uploads\/2014\/06\/Rodolphe-Marion-oral.pdf\" target=\"_blank\" rel=\"noopener\"><strong>PDF<\/strong><\/a><\/p>\n<p><strong><span style=\"color: #ff0000;\">10h10-10h40 : Pause caf\u00e9<\/span><\/strong><\/p>\n<p style=\"text-align: center;\"><strong>SESSION 7 : VEGETATION<\/strong><\/p>\n<p style=\"text-align: justify;\"><strong>10h40-11h00<\/strong> : F\u00e9ret et al., <strong>Estimation de la biodiversit\u00e9 des for\u00eats tropicales par imagerie hyperspectrale : de l&#8217;approche exp\u00e9rimentale \u00e0 la mod\u00e9lisation physique<\/strong> <a href=\"http:\/\/www.sfpt.fr\/hyperspectral\/wp-content\/uploads\/2014\/06\/Jean-Baptiste-Feret-oral.pdf\" target=\"_blank\" rel=\"noopener\"><strong>PDF<\/strong><\/a><br \/>\n<strong>11h00-11h20<\/strong> : Jay et al., <strong>Potentiel de l\u2019imagerie hyperspectrale de proxy-d\u00e9tection pour l\u2019estimation <\/strong><strong>et la cartographie de la teneur en azote dans les feuilles de betteraves sucri\u00e8res<\/strong> <a href=\"http:\/\/www.sfpt.fr\/hyperspectral\/wp-content\/uploads\/2014\/06\/Sylvain-Jay-oral.pdf\" target=\"_blank\" rel=\"noopener\"><strong>PDF<\/strong><\/a><br \/>\n<strong>11h20-11h40<\/strong> : Lancelot et al., <strong>Analyse en composantes principales d\u2019images hyperspectrales proche infrarouge de grains de bl\u00e9 : \u00e9tude de la duret\u00e9 et de la vitrosit\u00e9<\/strong> <a href=\"http:\/\/www.sfpt.fr\/hyperspectral\/wp-content\/uploads\/2014\/06\/Eloise-Lancelot-oral.pdf\" target=\"_blank\" rel=\"noopener\"><strong>PDF<\/strong><\/a><br \/>\n<strong>11h40-12h00<\/strong> : Bacour et al., <strong>Potentiel de la spectro-imagerie pour l&#8217;estimation quantitative de<\/strong> <strong>variables biophysiques des couverts v\u00e9g\u00e9taux dans le domaine MWIR<\/strong> <a href=\"http:\/\/www.sfpt.fr\/hyperspectral\/wp-content\/uploads\/2014\/06\/C\u00e9dric-Bacour-oral.pdf\" target=\"_blank\" rel=\"noopener\"><strong>PDF<\/strong><\/a><\/p>\n<p><strong><span style=\"color: #ff0000;\">12h10-13h40 : Pause d\u00e9jeuner \u2013 buffet<\/span><\/strong><\/p>\n<p style=\"text-align: center;\"><strong>SESSION 8 : SOLS<\/strong><\/p>\n<p style=\"text-align: justify;\"><strong>13h40-14h00<\/strong> : Gomez et al., <strong>Etude de l\u2019impact des effets atmosph\u00e9riques et de la r\u00e9solution spatiale, sur l&#8217;estimation de l&#8217;argile par imagerie hyperspectrale Vis-PIR (0.4-2.5\u03bcm)<\/strong> <a href=\"http:\/\/www.sfpt.fr\/hyperspectral\/wp-content\/uploads\/2014\/06\/C\u00e9cile-Gomez-oral.pdf\" target=\"_blank\" rel=\"noopener\"><strong>PDF<\/strong><\/a><br \/>\n<strong>14h00-14h20<\/strong> : Lothod\u00e9 et al., <strong>Identification de proc\u00e9d\u00e9s industriels \u00e0 l\u2019aide des caract\u00e9ristiques spectrales (VNIR-SWIR) de leurs rejets<\/strong> <a href=\"http:\/\/www.sfpt.fr\/hyperspectral\/wp-content\/uploads\/2014\/06\/Maiwenn-Lothod\u00e9-oral.pdf\" target=\"_blank\" rel=\"noopener\"><strong>PDF<\/strong><\/a><br \/>\n<strong>14h20-14h40<\/strong> : Hohmann et al., <strong>Cartographie des argiles gonflantes en milieux temp\u00e9r\u00e9s \u00e0 partir de <\/strong><strong>donn\u00e9es hyperspectrales a\u00e9roport\u00e9es coupl\u00e9es \u00e0 des donn\u00e9es in situ et laboratoire<\/strong> <a href=\"http:\/\/www.sfpt.fr\/hyperspectral\/wp-content\/uploads\/2014\/06\/Audrey-Hohmann-oral.pdf\" target=\"_blank\" rel=\"noopener\"><strong>PDF<\/strong><\/a><br \/>\n<strong>14h40-15h00<\/strong> : Oltra-Carri\u00f3 et al., <strong>Estimation of surface soil moisture using hyperspectral data: from <\/strong><strong>laboratory to field experiments<\/strong> <a href=\"http:\/\/www.sfpt.fr\/hyperspectral\/wp-content\/uploads\/2014\/06\/Rosa-Oltra-Carrio-oral.pdf\" target=\"_blank\" rel=\"noopener\"><strong>PDF<\/strong><\/a><\/p>\n<p><strong><span style=\"color: #ff0000;\">15h00-15h25 : Discussions<\/span><\/strong><br \/>\n<strong><span style=\"color: #ff0000;\">15h25-15h30 : Minghelli-Roman, Cl\u00f4ture du colloque<\/span><\/strong><\/p>\n","protected":false},"excerpt":{"rendered":"<p>Vous trouverez ci-dessous le programme ainsi que les pr\u00e9sentations orales et les posters pr\u00e9sent\u00e9s lors du colloque. Vous pouvez \u00e9galement t\u00e9l\u00e9charger le compte-rendu du colloque ici : bilan_colloque_hyperspectral_2014.pdf MERCREDI 14 MAI 2014 18h30-20h00 : Accueil des participants et enregistrement 20h00 : D\u00eener JEUDI 15 MAI 2014 8h30-8h35 : Minghelli-Roman, Ouverture du colloque PDF 8h35-8h50 : &hellip; <\/p>\n<p class=\"link-more\"><a href=\"https:\/\/www.sfpt.fr\/hyperspectral\/?page_id=860\" class=\"more-link\">Continuer la lecture<span class=\"screen-reader-text\"> de &laquo;&nbsp;Programme, pr\u00e9sentations et posters&nbsp;&raquo;<\/span><\/a><\/p>\n","protected":false},"author":1,"featured_media":0,"parent":0,"menu_order":0,"comment_status":"closed","ping_status":"open","template":"","meta":{"_s2mail":"yes","footnotes":""},"class_list":["post-860","page","type-page","status-publish","hentry"],"_links":{"self":[{"href":"https:\/\/www.sfpt.fr\/hyperspectral\/index.php?rest_route=\/wp\/v2\/pages\/860","targetHints":{"allow":["GET"]}}],"collection":[{"href":"https:\/\/www.sfpt.fr\/hyperspectral\/index.php?rest_route=\/wp\/v2\/pages"}],"about":[{"href":"https:\/\/www.sfpt.fr\/hyperspectral\/index.php?rest_route=\/wp\/v2\/types\/page"}],"author":[{"embeddable":true,"href":"https:\/\/www.sfpt.fr\/hyperspectral\/index.php?rest_route=\/wp\/v2\/users\/1"}],"replies":[{"embeddable":true,"href":"https:\/\/www.sfpt.fr\/hyperspectral\/index.php?rest_route=%2Fwp%2Fv2%2Fcomments&post=860"}],"version-history":[{"count":43,"href":"https:\/\/www.sfpt.fr\/hyperspectral\/index.php?rest_route=\/wp\/v2\/pages\/860\/revisions"}],"predecessor-version":[{"id":1550,"href":"https:\/\/www.sfpt.fr\/hyperspectral\/index.php?rest_route=\/wp\/v2\/pages\/860\/revisions\/1550"}],"wp:attachment":[{"href":"https:\/\/www.sfpt.fr\/hyperspectral\/index.php?rest_route=%2Fwp%2Fv2%2Fmedia&parent=860"}],"curies":[{"name":"wp","href":"https:\/\/api.w.org\/{rel}","templated":true}]}}